s 28211 a composite number?
False
Is 1566479 a composite number?
False
Is 252917 composite?
True
Is 244597 a prime number?
True
Is 1108771 a prime number?
True
Is 3959 a composite number?
True
Is 1456343 prime?
False
Is 14143 composite?
False
Is 11617 a prime number?
True
Is 28051 prime?
True
Is 69199 a composite number?
True
Is 20765 prime?
False
Is 7351 a prime number?
True
Is 14233 a prime number?
False
Is 311169 composite?
True
Is 12335 a prime number?
False
Is 34411 prime?
False
Is 24169 composite?
False
Is 18713 a prime number?
True
Is 330509 a prime number?
True
Is 73993 a prime number?
False
Is 19606 a composite number?
True
Is 1069 a composite number?
False
Is 25031 a composite number?
False
Is 1145621 prime?
True
Is 1915 composite?
True
Is 18089 prime?
True
Is 75869 composite?
False
Is 11993 prime?
False
Is 570259 a prime number?
False
Is 44101 a composite number?
False
Is 143266 a composite number?
True
Is 10949 prime?
True
Is 3613 composite?
False
Is 22769 composite?
False
Is 9029 a composite number?
False
Is 649741 a composite number?
True
Is 449591 a prime number?
True
Is 1036219 a prime number?
False
Is 17769 prime?
False
Is 42977 a prime number?
False
Is 70199 a composite number?
False
Is 88115 composite?
True
Is 201767 a prime number?
True
Is 2081 a composite number?
False
Is 60545 prime?
False
Is 6333 a composite number?
True
Is 1161749 prime?
True
Is 129547 a composite number?
True
Is 589 prime?
False
Is 167009 a prime number?
True
Is 5033 a prime number?
False
Is 7901 a prime number?
True
Is 35969 a composite number?
False
Is 189377 composite?
False
Is 49813 a prime number?
False
Is 739163 composite?
False
Is 52951 a composite number?
False
Is 1497 composite?
True
Is 10389 composite?
True
Is 235283 prime?
False
Is 28761 prime?
False
Is 5217439 composite?
False
Is 1361 composite?
False
Is 69061 prime?
True
Is 62617 prime?
True
Is 10771 prime?
True
Is 28687 prime?
True
Is 7451 a composite number?
False
Is 785 a composite number?
True
Is 19219 a prime number?
True
Is 57899 a prime number?
True
Is 11855 composite?
True
Is 10483 a prime number?
False
Is 351303 a composite number?
True
Is 291895 prime?
False
Is 51943 composite?
True
Is 283741 a prime number?
True
Is 13214 a prime number?
False
Is 494639 composite?
False
Is 62533 a composite number?
False
Is 6101 a prime number?
True
Is 734237 prime?
False
Is 18959 a composite number?
False
Is 919609 a composite number?
True
Is 1932017 a composite number?
False
Is 17998 a composite number?
True
Is 95395 a prime number?
False
Is 831077 a composite number?
True
Is 166433 a composite number?
True
Is 541381 a prime number?
True
Is 5779 a composite number?
False
Is 2109243 a composite number?
True
Is 15481 composite?
True
Is 72061 prime?
False
Is 3221 composite?
False
Is 1871551 composite?
True
Is 9601 a prime number?
True
Is 62273 a composite number?
False
Is 2245 a prime number?
False
Is 117563 a composite number?
False
Is 136513 a prime number?
False
Is 899513 composite?
True
Is 40343 prime?
True
Is 15307 a prime number?
True
Is 404117 composite?
True
Is 1399 prime?
True
Is 109217 a prime number?
False
Is 2082994 a prime number?
False
Is 501451 composite?
False
Is 44393 a composite number?
True
Is 14441 a prime number?
False
Is 23221 a composite number?
True
Is 79129 prime?
False
Is 292997 a prime number?
False
Is 47041 a composite number?
False
Is 4061 composite?
True
Is 149 composite?
False
Is 885029 composite?
True
Is 8989 prime?
False
Is 7909 prime?
False
Is 60113 prime?
False
Is 510493 prime?
False
Is 253229 a prime number?
True
Is 253111 composite?
True
Is 202 prime?
False
Is 19277 a prime number?
False
Is 224699 prime?
True
Is 25195 a composite number?
True
Is 3601 prime?
False
Is 147754 a prime number?
False
Is 20179 a composite number?
True
Is 29293 prime?
False
Is 20707 a composite number?
False
Is 45943 a prime number?
True
Is 2153 prime?
True
Is 20771 prime?
True
Is 124737 prime?
False
Is 38813 composite?
True
Is 41299 a composite number?
False
Is 21787 composite?
False
Is 70051 prime?
True
Is 1121143 a prime number?
True
Is 39709 a composite number?
False
Is 5839 a prime number?
True
Is 826849 composite?
False
Is 409991 composite?
True
Is 96009 a prime number?
False
Is 16673 prime?
True
Is 49003 a composite number?
False
Is 130415 prime?
False
Is 730165 a composite number?
True
Is 478277 prime?
False
Is 94407 composite?
True
Is 17567 a composite number?
True
Is 19831 composite?
True
Is 821 a composite number?
False
Is 14583 prime?
False
Is 350087 composite?
False
Is 753169 a composite number?
True
Is 73847 a prime number?
True
Is 263455 a composite number?
True
Is 17117 a composite number?
False
Is 32401 a prime number?
True
Is 81721 a composite number?
True
Is 2019 prime?
False
Is 39019 composite?
False
Is 165629 prime?
False
Is 3049 a prime number?
True
Is 2721859 composite?
True
Is 688939 prime?
True
Is 8033 a composite number?
True
Is 4691 composite?
False
Is 115099 composite?
False
Is 3203 composite?
False
Is 5021 a composite number?
False
Is 467317 a composite number?
False
Is 57769 a composite number?
True
Is 106451 a composite number?
False
Is 10669 composite?
True
Is 1540997 prime?
True
Is 373001 a composite number?
True
Is 3761 prime?
True
Is 4711 composite?
True
Is 194309 composite?
False
Is 5223 a prime number?
False
Is 587 a prime number?
True
Is 947509 composite?
False
Is 1439 prime?
True
Is 3881 a composite number?
False
Is 30713 a prime number?
True
Is 162059 composite?
False
Is 44249 a composite number?
False
Is 8147 prime?
True
Is 102473 composite?
True
Is 9337 composite?
False
Is 6927 composite?
True
Is 1765 composite?
True
Is 123962 prime?
False
Is 12941 prime?
True
Is 1637 prime?
True
Is 2459 composite?
False
Is 37217 prime?
True
Is 14138 a prime number?
False
Is 6053 a composite number?
False
Is 469 prime?
False
Is 8039 a composite number?
False
Is 9277 composite?
False
Is 6947 a prime number?
True
Is 47567 a composite number?
True
Is 7043 a prime number?
True
Is 35251 composite?
False
Is 16127 a composite number?
False
Is 122819 prime?
True
Is 185357 prime?
False
Is 55631 a prime number?
True
Is 65005 a prime number?
False
Is 412967 a prime number?
True
Is 303 a composite number?
True
Is 121127 prime?
False
Is 620507 prime?
True
Is 616961 a composite number?
False
Is 495283 prime?
False
Is 6421 a prime number?
True
Is 122201 a prime number?
True
Is 2933 a prime number?
False
Is 23459 a composite number?
False
Is 1978319 prime?
False
Is 4739 composite?
True
Is 5051 composite?
False
Is 3158 a prime number?
False
Is 3017 a composite number?
True
Is 795059 a prime number?
False
Is 38069 prime?
True
Is 713957 a prime number?
True
Is 30443 prime?
False
Is 462081 a prime number?
False
Is 51773 prime?
False
Is 30631 composite?
False
Is 402797 composite?
False
Is 223679 a composite number?
False
Is 34381 composite?
False
Is 99263 prime?
False
Is 15461 composite?
False
Is 2722 composite?
True
Is 23105 prime?
False
Is 20861 prime?
False
Is 4001 composite?
False
Is 1861 a composite number?
False
Is 42043 a prime number?
True
Is 43841 a prime number?
False
Is 4177 a prime number?
True
Is 3142 a prime number?
False
Is 27361 prime?
True
Is 47881 prime?
True
Is 2017 prime?
True
Is 3019 prime?
True
Is 42943 a composite number?
False
Is 153991 a composite number?
False
Is 110867 a composite number?
True
Is 64319 composite?
False
Is 16581 prime?
False
Is 173123 a composite number?
True
Is 1871 a composite number?
False
Is 3525949 composite?
True
Is 5164579 a prime number?
False
Is 4678 a composite number?
True
Is 2201 a composite number?
True
Is 52799 a composite number?
True
Is 20542 prime?
False
Is 291355 composite?
True
Is 23221 composite?
True
Is 927049 a prime number?
True
Is 786343 a composite number?
True
Is 222641 a composite number?
True
Is 58937 composite?
False
Is 22853 prime?
True
Is 659887 a composite number?
True
Is 39737 a prime number?
False
Is 60209 prime?
True
Is 705151 prime?
False
Is 6761 a composite number?
False
Is 2127 composite?
True
Is 22183 a composite number?
True
Is 10301 a prime number?
True
Is 34 prime?
False
Is 9347 a prime number?
False
Is 32501 a composite number?
True
Is 605921 prime?
True
Is 301441 composite?
True
Is 21799 a c